v = -566 - l. Calculate t(v).
-6
Let a = -129 - -120. Let q(d) = d**3 + 8*d**2 - 14*d - 4. Let t be q(a). Let z(x) = -x**2 - 44 - 4*x + t + 0*x**2. What is z(-7)?
-24
Let h = 9 + -13. Let u(g) be the third derivative of 67*g**2 - 1/4*g**4 - 1/2*g**3 - 2 + 0*g - 1/60*g**5. What is u(h)?
5
Let v(c) = -3*c**2 - 13*c. Let y(b) = -b**3 + b**2 + 118*b - 340. Let s be y(3). Determine v(s).
4
Let k(n) = 8*n + 832. Let b(p) = p + 91. Let g(h) = 28*b(h) - 3*k(h). Determine g(-15).
-8
Let q(u) = -3*u + 4 - 2 + u. Let v = -487 + 687. Let k be (-6)/(-4)*v/(-150). Give q(k).
6
Let v(y) = 282546 - 3*y - 2*y - 282551 - y**2 - 5*y. Suppose 7 = -2*l + l. Give v(l).
16
Let x(z) be the second derivative of z**4/4 - 35*z**3/6 + 4*z**2 + 1738*z - 1. Calculate x(11).
-14
Let m(x) = 12*x**3 + 54*x**2 + 58*x - 136. Let i(h) = 7*h**3 + 27*h**2 + 29*h - 74. Let f(j) = 7*i(j) - 4*m(j). Determine f(28).
-2
Let c(a) = -2*a**2 - 35*a + 9. Let h = 4344 + -4362. Calculate c(h).
-9
Let q be 39/15 + (-8)/(-20). Let a be q - (2 - -1)/3. Let r(f) be the third derivative of -f**5/60 + f**4/8 - f**3/6 + 295*f**2. Give r(a).
1
Let z(k) = -5*k**2 + 4*k + 3. Suppose -u - 3*b = 62 - 64, 2*u - b = 11. Calculate z(u).
-102
Let h(w) = 15*w**2 - 2 + 3*w**2 - 55*w**3 + 107*w**3 - 53*w**3 - 5. Calculate h(18).
-7
Let c(h) = -h**3 + 7*h**2 - 10*h + 7. Let b = -391 + 402. Let v(x) = x - 5. Let q be v(b). Give c(q).
-17
Let k(y) = y**3 + 8*y**2 + 10*y + 1. Suppose 0*r + 13*r + 17 = -74. Give k(r).
-20
Let s(q) = q**3 + 4*q**2 + 3*q. Let n be s(-2). Let w(f) = 1 - 92*f - 99*f + f**2 + f**n + 193*f. Suppose 3*g - 4*g = 2. What is w(g)?
5
Let x(v) = -v**3 + 5*v**2 - 4*v + 6. Let n(b) = b**2 - 16*b - 32. Let c be n(-2). Give x(c).
6
Let a(x) be the second derivative of -x**5/20 - 25*x**4/12 - 7*x**3/2 + 38*x**2 + 2*x - 1294. Determine a(-24).
4
Let h(v) = -39*v + 1. Let o = -1976 + 1974. What is h(o)?
79
Let m(x) = -x**3 - 5*x**2 + 19*x + 16. Let b be (-8)/18*(-3)/(-4) + 20/(-3). Calculate m(b).
-19
Let m(x) = 9*x + 38. Let w(k) = -6*k - 25. Let l(s) = 5*m(s) + 8*w(s). Let b = -559 - -587. Let y be ((-63)/b + 4)*-4. Calculate l(y).
11
Suppose -24*h + 23*h - 7 = 0, 0 = -4*s + 4*h - 64. Let w(p) = p**3 + 23*p**2 + 3*p + 24. Calculate w(s).
-45
Let z(o) = 136322*o**2 + o**3 - 4*o**3 - 5*o + 4*o**3 - 54 - 136310*o**2. Give z(-12).
6
Let g(u) = 2*u**3 - 3*u**2 + 2*u + 2. Let l(c) = 5*c**3 - 6*c + 32. Let w(b) = -3*g(b) + l(b). Determine w(8).
-6
Suppose -13 = u - 14*u. Let g be 0 + u - (-9 - -7). Let r(y) = -2*y + 5. Determine r(g).
-1
Let i = -272 + 291. Let z(c) = 139*c - 61*c + c**3 - 59*c - 20*c**2 - 6. Calculate z(i).
-6
Let c(l) = -39*l + 0*l**2 - l**3 - 6*l**2 + 24 - l**2 + 41*l - 6*l**2. What is c(-13)?
-2
Let p(j) = 3*j + 67. Let b be p(-20). Let a(n) be the second derivative of -n**4/12 + n**3 + n**2 - 107*n - 1. Determine a(b).
-5
Let n(z) be the third derivative of -5*z**4/24 + 16*z**3/3 - 3196*z**2. Calculate n(3).
17
Suppose -10372*l + 182 = -10398*l. Let t(s) = -s**3 - 6*s**2 - 6*s - 17. Give t(l).
74
Let c(w) = -w - 19. Let o be c(11). Let d be (-27)/(-5) - (-12)/o. Let q(g) = 2*g + 0*g - d*g + 12 - 6. Determine q(7).
-15
Let k(v) = -3*v**3 - 3*v**2 + 6*v - 3. Let l(z) = -z**3 - z**2 + 2*z - 1. Let t(g) = -2*k(g) + 7*l(g). Let x be -3 - ((-126)/30 - (-2)/10). What is t(x)?
-1
Let q(x) = -3*x**3 + 3*x**2 + 7*x + 6. Let t be 20/(-25) + 18/(-15). What is q(t)?
28
Let r be 1 + ((-9)/(-3))/((-4)/(176/(-33))). Let b(x) = 27*x - 137. Give b(r).
-2
Let h(u) = 2*u + 916. Let v(s) = -99. Let k(a) = -h(a) - 9*v(a). Give k(-26).
27
Let i(m) = -21*m**2 - 83*m + 11. Let w be i(-4). Let b(q) = q**3 - 6*q**2 - 3*q - 8. What is b(w)?
20
Let f(l) be the third derivative of -l**4/12 - 7*l**3/2 + 6968*l**2. What is f(-7)?
-7
Let h(n) = -7*n**3 + 7. Suppose 12*b - 14 = -18*b + 37*b. Calculate h(b).
63
Suppose -7*k + 267 = 15. Suppose -5*c = -46 + k. Let a(r) = 7*r**2 - 4*r + 1 + 2*r**c + 2*r - 5*r**2. Determine a(-2).
21
Suppose 0 = -2*x + 6*x - 8. Let o(r) = 2 - 50022429614*r**2 + 50022429614*r**2 + 2*r**3 - r. What is o(x)?
16
Let s(b) = 10*b**2. Suppose -6 + 23 = -13*y - 9. Give s(y).
40
Let w be (-57)/12 + 2/(-8). Let v(c) be the first derivative of -c**3/3 - 7*c**2/2 - 10*c + 107312. What is v(w)?
0
Let l = -643 + 640. Let s(v) be the third derivative of -v**4/24 + v**3 + 7*v**2. Let n(c) = 1. Let q(f) = -4*n(f) + s(f). Calculate q(l).
5
Let u = -574 - -570. Let l be (-72)/(-54) - u/(-3). Let j(r) = -r**2 - 3*r + 5. What is j(l)?
5
Let s(q) = 5*q**2 - 2*q - 7. Let i(w) = -11*w**2 + 3*w + 15. Let b(f) = 3*i(f) + 7*s(f). What is b(4)?
8
Suppose 5*c + 91 = -3*b, 4*b = -5*c + 2664 - 2777. Let k(q) = -q**2 - 24*q - 8. Give k(b).
36
Let o(w) be the first derivative of -w**2 - 10*w - 7. Suppose 0*b = 5*n + 2*b + 33, n + 3*b + 4 = 0. Let t = n + 0. What is o(t)?
4
Let o(p) be the first derivative of 2*p**4/3 - p**3/2 - 3*p**2/2 + 267*p - 128. Let v(j) be the first derivative of o(j). Give v(-2).
35
Let t(s) = -5*s**3 - 8*s**2 + 7*s + 15. Let q(z) = 6*z**3 + 12*z**2 - 9*z - 15. Let o(f) = -4*q(f) - 5*t(f). Determine o(8).
-7
Let i(q) = 7*q**2 + 4*q - 4. Let h(n) = 24*n**2 + 14*n - 14. Let r(l) = 3*h(l) - 10*i(l). What is r(-2)?
2
Suppose -149 = -m + 3*y - 8, 4*m + 3*y - 519 = 0. Let o(p) = -2*p - 136*p**3 - m*p**3 + 1 + 399*p**3 - 135*p**3. Give o(1).
-5
Let m(l) = -3*l**3 - 3*l**2 + 48*l + 95. Let z be m(-2). Let a(w) = -w**3 + 13*w**2 - 20*w + 7. What is a(z)?
29
Suppose 5*r - 5*w - 20 = 0, 0 = 4*r + r + w - 32. Suppose 9 = r*n - 9. Let v(j) = -6*j**2 + 3*j**2 + 4 - 3 + 3*j**n - 4*j**3. What is v(-1)?
-1
Let x be (2*63/27 - 3/(-9)) + -6. Let d(m) = 22*m - 3. What is d(x)?
-25
Let o(b) be the third derivative of b**7/840 - b**6/72 + b**5/30 + b**4/12 + 75*b**3/2 + 247*b**2. Let r(n) be the first derivative of o(n). Determine r(4).
2
Let m(c) be the first derivative of 1/2*c**2 - 14*c + 74. What is m(13)?
-1
Let q(s) = s**2 + 4*s + 42. Let d = 15830 - 15830. Give q(d).
42
Let c(r) = -63*r**2 + r**3 + 135*r**2 + 11 - 62*r**2 + 5*r - 4. Let y(k) = k**2. Let z(j) = -c(j) + y(j). Give z(-8).
-31
Suppose -2*n + 4 = 0, 50 = -21*a + 17*a + 3*n. Let j(u) = -2*u + 13. Give j(a).
35
Let r(p) = p - 7. Suppose 6*d + 32 - 44 = 0. Suppose u = -o - 5, -6*o - 17 = -d*o + 5*u. What is r(o)?
-15
Suppose -2*j + 4*h - 7*h = -36, -j + 18 = 3*h. Let r(d) = -19*d**2 - 6 - 2 + 1 + j*d**2. Determine r(0).
-7
Let g(f) = -3*f - 30. Let q(s) = -19. Let c(t) = -g(t) + q(t). What is c(-3)?
2
Suppose 4*r = -3*p - 38, 8*r = 4*r - 20. Let a(k) = k**3 + 6*k**2 - 3*k - 18. Let b be a(p). Let o(d) = 8 - 2*d**2 - d - d**2 + 3 + 4*d**2. Calculate o(b).
11
Let s(n) = 9*n - 376. Let v(j) = j - 36. Let z(m) = -s(m) + 12*v(m). Determine z(20).
4
Let q(d) = d**3 + d**2 - d - 8. Suppose 0 = 17*p - 1 - 118. Let b(a) = a**3 - 8*a**2 + 2*a + 35. Let r be b(p). Give q(r).
-8
Let g(r) = -22*r + 173. Let t be (-2 - (-37)/4) + -4 + (-76)/(-16). Give g(t).
-3
Let g be 1*-3*(-28)/(-378) - (-75)/(-27). Let v(l) = -l**3 - 2*l**2 - 5*l. Calculate v(g).
24
Let p(j) be the second derivative of j**3/6 + 7*j**2/2 + j. Let y be p(-5). Let l(b) = -b**2 - 28 + 8 + 22. What is l(y)?
-2
Let p(k) = -k**2 + 18*k - 27. Let a be p(16). Let y(b) = 5*b + 1 + b + 10*b - a*b. Suppose -2*d + 5*i = -6*d + 9, -4 = -3*d - i. What is y(d)?
12
Let n(m) = -34*m + 903. Let u(j) = -17*j + 449. Let c(h) = 6*n(h) - 13*u(h). Give c(25).
6
Let y(p) be the first derivative of -p**4/4 - 10*p**3/3 - p**2 - 27*p - 1209. Determine y(-10).
-7
Let f be 77/63 - 6/27. Let n(q) = -6 + f + 36*q**2 - 70*q**2 - q + 29*q**2 + q**3. Determine n(5).
-10
Let y(c) = 31*c - 334. Let j be y(11). Let d(m) = -3*m - 6. Calculate d(j).
-27
Let q(x) = -x + 23. Let t(o) = -22. Let d(f) = 4*q(f) + 3*t(f). Let v be d(6). Let z be ((-1)/v)/(3/(-30)). Let p(n) = -n**3 + 6*n**2 - 5*n + 6. Determine p(z).
6
Let c = -20 + 22. Suppose 7 + 3 = -c*x. Let d(j) = 458 - 3*j - 229 - 2*j**2 - 222. What is d(x)?
-28
Let z(s) = -186*s - s**3 - 16*s**2 + 392*s + 13*s**2 - 192*s. What is z(-7)?
98
Let n(b) = 277*b**2 + 20*b - 300. Let x(l) = -37*l**2 - 3*l + 43. Let a(g) = 2*n(g) + 15*x(g). Determine a(5).
-5
Let p(y) = 13 + 3*y**2 - 3*y**3 - 2*y**3 + 3*y**2 + 4*y**3 + 5*y. Let o be p(7). Let r be (-3)/o + 1*2. Let z(t) = -t**2 + 4*t +